= -6 + 22. What are the prime factors of b?
2
Suppose 0 = 3*z - 5*z - 4. What are the prime factors of (1/(z/58))/(-1)?
29
Suppose -4*f + 353 = 5*a + 102, -f - 3*a = -61. What are the prime factors of f?
2
Let j = 10 - 6. Suppose -a - 5*p + 14 = -0*p, 0 = j*a + p - 37. Let f = 21 - a. What are the prime factors of f?
2, 3
Let v = 98 - 33. List the prime factors of v.
5, 13
Let b = 64 + -15. List the prime factors of b.
7
Let b = -14 + 24. Suppose -3*h - 2*x + 65 = -b, 5*h + 4*x = 127. What are the prime factors of h?
23
Let o be ((-12)/(-10))/((-21)/(-140)). Suppose -3*b - 23 = -i - o, i + 5*b + 25 = 0. Suppose -2*k + i*k + 6 = 0. List the prime factors of k.
3
Let k(w) = 2*w - 1. What are the prime factors of k(2)?
3
Let o(n) = -n**3 + 12*n**2 - 2*n - 4. What are the prime factors of o(10)?
2, 11
Suppose 7*i = 5*i + 170. List the prime factors of i.
5, 17
Let n(x) = -20*x - 39. List the prime factors of n(-11).
181
Let n(i) = -i**3 + 6*i**2 - 3*i - 5. Suppose 5*x - 7*x = -8. Suppose 3*l = -x*j + 26, 0*j + 4*l = -3*j + 23. What are the prime factors of n(j)?
5
Suppose -5*d + 2*s + 58 = -0*s, 34 = 5*d + 4*s. List the prime factors of (d/8)/((-8)/(-96)).
3, 5
Let f(i) = 16*i - 3. Suppose 5*n - 2*n = -4*w + 14, 6 = -2*n + 5*w. What are the prime factors of f(n)?
29
Let y(j) = j**3 + 13*j**2 + 10*j - 20. What are the prime factors of y(-12)?
2
What are the prime factors of 28 + (-1)/(2/(-8))?
2
Let x(d) = -d**3 - 7*d**2 - 6*d + 3. Let l be x(-6). Suppose -p + 20 = l*p. What are the prime factors of p?
5
Suppose 4 = l + l. Suppose -5*z + 3*f = -121, 3*z - 117 = -l*z + f. What are the prime factors of z?
23
Suppose 0 = -3*u - 0*k - 2*k + 20, -u + 16 = 3*k. Let t(r) = r**3 - 4*r**2 + 3*r - 6. Let x be t(u). Let n = x + 1. List the prime factors of n.
7
Suppose -h - 60 - 40 = 5*v, 47 = -3*v + 2*h. Let o = v - -32. List the prime factors of o.
13
Let i be 0*1*(-2)/4. Let y(p) = 0*p + i*p + 1 - 2*p. What are the prime factors of y(-5)?
11
What are the prime factors of (90/12)/(3/76)?
2, 5, 19
Let y(x) = -x**3 + 17*x**2 + 3*x - 2. What are the prime factors of y(17)?
7
Suppose 3*i + 5*l = 59, -3*l = 2*i - 2*l - 30. Let p = i + -23. Let w = p - -15. What are the prime factors of w?
5
What are the prime factors of ((-16)/(-64))/((-2)/(-104))?
13
Let w = 46 + 68. What are the prime factors of w?
2, 3, 19
Suppose d = 5*s - 0*s + 38, -2*d + s + 112 = 0. List the prime factors of d.
2, 29
Suppose -582 = -2*y + r, -5*y - r = 2*r - 1466. List the prime factors of y.
2, 73
Let t(b) = b**2 - 9*b + 3. Let y be t(8). Let k = 18 + y. List the prime factors of k.
13
Let w = 28 + -10. What are the prime factors of w?
2, 3
Let k(y) = y**3 - 6*y**2 + y + 5. Suppose -2*i - 2 = -0*s - s, -3*s = 2*i + 10. Let z be (s + -4)*(-1 + 0). List the prime factors of k(z).
11
Let l = -6 + 10. Suppose -l*w + 44 = -116. List the prime factors of w.
2, 5
Let h(s) = -s + 24. Let f be (-1)/4 + (-4)/(-16). Let q be h(f). What are the prime factors of (10/(-4))/((-4)/q)?
3, 5
Suppose -6 = -s - 1. Suppose -3*g = -4*g - s*r - 14, 4*r = 2*g + 14. Let d(j) = j + 15. What are the prime factors of d(g)?
2, 3
Let k(l) = -2*l + 3. Suppose 2*a + 7 = a. What are the prime factors of k(a)?
17
Suppose -4*b + 3*h = -2*b - 50, 3*b = 4*h + 75. Suppose 0 = -6*s + 245 + b. What are the prime factors of s?
3, 5
Suppose -3*k = 6 + 3. Let x = 2 - k. What are the prime factors of x?
5
Suppose -8*q + 657 = -295. List the prime factors of q.
7, 17
Let j(n) = 2*n - 2. Let o be j(1). Suppose -c = -o*c - 15. List the prime factors of c.
3, 5
Suppose -w + 184 = 4*w - 2*j, 2*w = -j + 79. List the prime factors of w.
2, 19
Suppose 4*f - k + 36 - 98 = 0, -3*k - 10 = -f. What are the prime factors of f?
2
Let b(s) = -s**2 + 9*s + 3. Let x = 0 + 0. Suppose x*p + p + 3 = 3*w, -44 = -4*p - 2*w. What are the prime factors of b(p)?
3
Suppose 16*f - 12 = 12*f. What are the prime factors of f?
3
Let f = 10 + -24. List the prime factors of (-3)/(-3 + (-40)/f).
3, 7
Suppose 2*s - 42 = -0*s. Let m = 1 - s. Let p = -6 - m. List the prime factors of p.
2, 7
Suppose -3*l + 30 = 4*m, -l = 4*l - 2*m - 50. Suppose 2*w + 3*w = l. Suppose 0 = 3*b - w - 40. List the prime factors of b.
2, 7
Let j be -3 + 2 + -2 + 1. What are the prime factors of (-8 - j)*13/(-3)?
2, 13
Let p(x) = 34*x - 1. What are the prime factors of p(3)?
101
Suppose -5*p = -171 + 51. Let i = 58 - p. What are the prime factors of i?
2, 17
Let u = -20 - -28. Let h = -3 + u. What are the prime factors of h?
5
Suppose 3*o - 40 = -o. Suppose 6*d + o = p + 3*d, -5*p + 50 = 2*d. Suppose -2*h = -p - 12. What are the prime factors of h?
11
Let d(o) = -2*o - 3*o + 4*o - 5 + 6. Let a(x) = -5*x + 17. Let k(q) = a(q) - 4*d(q). List the prime factors of k(11).
2
Let j = 7 - 5. Let x(m) = -m + 5 - 2 + 7*m + m**j. What are the prime factors of x(-6)?
3
Let o(r) = -r - 10. Let f be o(-8). List the prime factors of (18/(-1))/f - 0.
3
Let v(o) = -5*o + 4. Let z(q) = 9*q - 8. Let t(m) = -11*v(m) - 6*z(m). Let h be t(-4). What are the prime factors of 4/4 - (-1 + h)?
2
Suppose -3*i - 31 = -4*n, 5*i = 5*n - 3 - 42. Suppose n*l + 2*p + 1 + 7 = 0, -6 = 3*l - 2*p. List the prime factors of (1 - 2)*-14 + l.
2, 3
Suppose 0 = 3*n + 3*p + 6, 4*n - p - 8 = 9. Let t = -3 + n. Suppose 2*k = 6 - t. List the prime factors of k.
3
Let p = -112 - -178. List the prime factors of p.
2, 3, 11
What are the prime factors of 5/(-8)*2*-4?
5
Let i(h) = 7*h - 1 - 4*h + 0. List the prime factors of i(1).
2
Suppose 0*i + 4*q = -2*i, -4*q = -3*i + 30. List the prime factors of i.
2, 3
Let h(m) = -m**3 + 2*m**2 + m. Let c be h(2). Suppose p = -5*q + 79, -4*q + 0*p - c*p = -62. List the prime factors of q.
2
Suppose 5*y - 57 = 8*y. What are the prime factors of (-12)/(-8)*-2 - y?
2
Suppose 3*o - 176 = -o. Suppose 4*c - 2*s = o, 5*c = s - 2*s + 62. What are the prime factors of c?
2, 3
Let f(l) = l + l - l - 3*l + 6. List the prime factors of f(-5).
2
Let s(o) = -2*o**2 - 9*o + 4. Let y be s(-7). Let t = y - -43. Suppose -8*g + 11*g - t = 0. List the prime factors of g.
2
Let p(j) = j**2 + 6*j + 11. Let z be p(-10). Suppose -v - 2*v + z = 0. What are the prime factors of v?
17
Let u = -11 - -26. Let i = u + -10. Suppose 0 = 2*y - h - i, 0 - 20 = -5*y - 5*h. What are the prime factors of y?
3
Let m(a) be the second derivative of -3/2*a**2 + 0 - a + 1/2*a**3. List the prime factors of m(6).
3, 5
Suppose 14 = 3*s + 2. Suppose 3*z - 10 = s*q, -z + 1 = -3*q - 4. Suppose -2*x + 16 = -4*v, z*x + v = -3*v + 16. List the prime factors of x.
2
What are the prime factors of (-1)/(-2) - 370/(-4)?
3, 31
Suppose -6*i = -664 - 122. List the prime factors of i.
131
Let u = -8 - -11. Suppose -5*a - 5 = r, r + u*a + a + 3 = 0. Suppose 5*s + 15 = 2*y, r*y - 19 - 30 = s. List the prime factors of y.
2, 5
What are the prime factors of (-1 + 41)/5*5?
2, 5
Let q(c) = -c - 1. Let s be q(-4). What are the prime factors of s/2 - (-42)/4?
2, 3
Let p(t) = -1. Let l(u) = u + 9. Let x(g) = l(g) + 2*p(g). What are the prime factors of x(0)?
7
Suppose o - 2 = 3*o. List the prime factors of 18 + -2 + (0 - o).
17
Let d(z) = -z**2 - z - 1. Let q be d(-2). List the prime factors of 4 - ((-18)/q)/(-2).
7
Let l(t) = t**3 + 6*t**2 + 3*t - 5. Let k = -13 + 9. What are the prime factors of l(k)?
3, 5
Let j = 135 + -94. Suppose 2*z - z = 5*w - 71, -z = -3*w + j. What are the prime factors of w?
3, 5
Let p(n) = 2*n**3 - 2*n**2 + 6*n + 2. List the prime factors of p(4).
2, 61
Suppose -3*j + 126 = u - 6*j, -270 = -2*u - 3*j. Suppose y + u = 4*y. Suppose 4*w = -3*l + 60, -5*w + 3*w - 5*l + y = 0. List the prime factors of w.
2, 3
Let o(q) = q**2 + 3*q + 2. Let f be o(-3). Let y(r) = -r + 2. Let s be y(f). Let h(v) = v**3 + v + 4. List the prime factors of h(s).
2
Let i be ((-2)/(-4))/(2/4). Suppose -2*x + i = -5. What are the prime factors of x?
3
Suppose 5*a - 362 - 328 = 0. List the prime factors of a.
2, 3, 23
Suppose -6*l = -5*l - 28. Let j = -6 + l. What are the prime factors of j?
2, 11
Let c(g) = g + 2. Let o be 2/9 - (-50)/18. Suppose -4 = -o*f + f, -4*s + 10 = -5*f. List the prime factors of c(s).
7
Let y(c) = c**2 + c**3 + 0 + 3*c**2 - 1 + 2*c. Let r be y(-2). Suppose -r*j + 44 - 11 = 0. List the prime factors of j.
11
Suppose -3*m + o + 95 = -o, -